{"id":188,"date":"2021-09-02T09:33:51","date_gmt":"2021-09-02T09:33:51","guid":{"rendered":"https:\/\/qi102.qodeinteractive.com\/?page_id=188"},"modified":"2024-11-09T10:41:32","modified_gmt":"2024-11-09T10:41:32","slug":"contact","status":"publish","type":"page","link":"https:\/\/lavieinterieure.ch\/?page_id=188","title":{"rendered":"Contact"},"content":{"rendered":"\t\t<div data-elementor-type=\"wp-page\" data-elementor-id=\"188\" class=\"elementor elementor-188\">\n\t\t\t\t\t\t<section class=\"elementor-section elementor-top-section elementor-element elementor-element-44d5752 elementor-section-full_width elementor-section-height-default elementor-section-height-default qodef-elementor-content-no\" data-id=\"44d5752\" data-element_type=\"section\">\n\t\t\t\t\t\t<div class=\"elementor-container elementor-column-gap-default\">\n\t\t\t\t\t<div class=\"elementor-column elementor-col-50 elementor-top-column elementor-element elementor-element-f8507b2 qodef-sticky-column--yes qodef-sticky-column-disable qodef-sticky-column-disable--1024 elementor-hidden-tablet elementor-hidden-mobile\" data-id=\"f8507b2\" data-element_type=\"column\" data-settings=\"{&quot;background_background&quot;:&quot;classic&quot;}\">\n\t\t\t<div class=\"elementor-widget-wrap elementor-element-populated\">\n\t\t\t\t\t\t<div class=\"elementor-element elementor-element-5e1f47f elementor-widget elementor-widget-image\" data-id=\"5e1f47f\" data-element_type=\"widget\" data-widget_type=\"image.default\">\n\t\t\t\t<div class=\"elementor-widget-container\">\n\t\t\t\t\t\t\t\t\t\t\t\t\t\t\t<img fetchpriority=\"high\" decoding=\"async\" width=\"800\" height=\"896\" src=\"https:\/\/lavieinterieure.ch\/wp-content\/uploads\/2024\/11\/Image-page-home-jaune-4.png\" class=\"attachment-large size-large wp-image-2035\" alt=\"\" srcset=\"https:\/\/lavieinterieure.ch\/wp-content\/uploads\/2024\/11\/Image-page-home-jaune-4.png 800w, https:\/\/lavieinterieure.ch\/wp-content\/uploads\/2024\/11\/Image-page-home-jaune-4-268x300.png 268w, https:\/\/lavieinterieure.ch\/wp-content\/uploads\/2024\/11\/Image-page-home-jaune-4-768x860.png 768w\" sizes=\"(max-width: 800px) 100vw, 800px\" \/>\t\t\t\t\t\t\t\t\t\t\t\t\t\t\t<\/div>\n\t\t\t\t<\/div>\n\t\t\t\t\t<\/div>\n\t\t<\/div>\n\t\t\t\t<div class=\"elementor-column elementor-col-50 elementor-top-column elementor-element elementor-element-0ed3c36 qodef-sticky-column--no\" data-id=\"0ed3c36\" data-element_type=\"column\" data-settings=\"{&quot;background_background&quot;:&quot;classic&quot;}\">\n\t\t\t<div class=\"elementor-widget-wrap elementor-element-populated\">\n\t\t\t\t\t\t<div class=\"elementor-element elementor-element-29fe5c1 elementor-widget elementor-widget-qi_addons_for_elementor_section_title\" data-id=\"29fe5c1\" data-element_type=\"widget\" data-widget_type=\"qi_addons_for_elementor_section_title.default\">\n\t\t\t\t<div class=\"elementor-widget-container\">\n\t\t\t\t\t<div class=\"qodef-shortcode qodef-m qodef-qi-section-title qodef-decoration--italic qodef-link--underline-draw qodef-subtitle-icon--left\">\n\t\t\t\t\t\t<h1 class=\"qodef-m-title\">\n\t\tC'est le moment de se rencontrer!\t<\/h1>\n\t\t\t<div class=\"qodef-m-text\"><p>Pour prendre rdv, me poser des questions etc...<\/p><\/div>\n\t<\/div>\n\t\t\t\t<\/div>\n\t\t\t\t<\/div>\n\t\t\t\t<section class=\"elementor-section elementor-inner-section elementor-element elementor-element-d68fa0f elementor-section-boxed elementor-section-height-default elementor-section-height-default qodef-elementor-content-no\" data-id=\"d68fa0f\" data-element_type=\"section\">\n\t\t\t\t\t\t<div class=\"elementor-container elementor-column-gap-default\">\n\t\t\t\t\t<div class=\"elementor-column elementor-col-50 elementor-inner-column elementor-element elementor-element-f6b8c67 qodef-sticky-column--no\" data-id=\"f6b8c67\" data-element_type=\"column\">\n\t\t\t<div class=\"elementor-widget-wrap elementor-element-populated\">\n\t\t\t\t\t\t<div class=\"elementor-element elementor-element-c0d5a83 elementor-widget elementor-widget-qi_addons_for_elementor_section_title\" data-id=\"c0d5a83\" data-element_type=\"widget\" data-widget_type=\"qi_addons_for_elementor_section_title.default\">\n\t\t\t\t<div class=\"elementor-widget-container\">\n\t\t\t\t\t<div class=\"qodef-shortcode qodef-m qodef-qi-section-title qodef-decoration--italic qodef-text-link--underline qodef-link--underline-draw qodef-subtitle-icon--left\">\n\t\t\t\t<h6 class=\"qodef-m-subtitle\">\n\t\tn\u00b0 t\u00e9l\u00e9phone\t\t\t<\/h6>\n\t\t\t\t\t<div class=\"qodef-m-text\"><h5 style=\"font-size:17px\"><a href=\"tel:41 78 906 63 83\">+41 (0)78 906 63 83<\/a><\/h5><\/div>\n\t<\/div>\n\t\t\t\t<\/div>\n\t\t\t\t<\/div>\n\t\t\t\t<div class=\"elementor-element elementor-element-ddd6222 elementor-widget__width-initial elementor-widget elementor-widget-qi_addons_for_elementor_section_title\" data-id=\"ddd6222\" data-element_type=\"widget\" data-widget_type=\"qi_addons_for_elementor_section_title.default\">\n\t\t\t\t<div class=\"elementor-widget-container\">\n\t\t\t\t\t<div class=\"qodef-shortcode qodef-m qodef-qi-section-title qodef-decoration--italic qodef-text-link--underline qodef-link--underline-draw qodef-subtitle-icon--left\">\n\t\t\t\t<h6 class=\"qodef-m-subtitle\">\n\t\taddresse\t\t\t<\/h6>\n\t\t\t\t\t<div class=\"qodef-m-text\"><p style=\"font-size:17px\">Neuch\u00e2tel<\/p><\/div>\n\t<\/div>\n\t\t\t\t<\/div>\n\t\t\t\t<\/div>\n\t\t\t\t\t<\/div>\n\t\t<\/div>\n\t\t\t\t<div class=\"elementor-column elementor-col-50 elementor-inner-column elementor-element elementor-element-04efea4 qodef-sticky-column--no\" data-id=\"04efea4\" data-element_type=\"column\">\n\t\t\t<div class=\"elementor-widget-wrap elementor-element-populated\">\n\t\t\t\t\t\t<div class=\"elementor-element elementor-element-e1b23db elementor-widget__width-initial elementor-widget elementor-widget-qi_addons_for_elementor_section_title\" data-id=\"e1b23db\" data-element_type=\"widget\" data-widget_type=\"qi_addons_for_elementor_section_title.default\">\n\t\t\t\t<div class=\"elementor-widget-container\">\n\t\t\t\t\t<div class=\"qodef-shortcode qodef-m qodef-qi-section-title qodef-decoration--italic qodef-text-link--underline qodef-link--underline-draw qodef-subtitle-icon--left\">\n\t\t\t\t<h6 class=\"qodef-m-subtitle\">\n\t\te-mail\t\t\t<\/h6>\n\t\t\t\t\t<div class=\"qodef-m-text\"><h5 style=\"font-size:17px\"><a href=\"mailto:contact@lavieinterieure.ch\">contact@lavieinterieure.ch<\/a><\/h5><\/div>\n\t<\/div>\n\t\t\t\t<\/div>\n\t\t\t\t<\/div>\n\t\t\t\t<div class=\"elementor-element elementor-element-1db4781 elementor-widget__width-initial elementor-widget elementor-widget-qi_addons_for_elementor_section_title\" data-id=\"1db4781\" data-element_type=\"widget\" data-widget_type=\"qi_addons_for_elementor_section_title.default\">\n\t\t\t\t<div class=\"elementor-widget-container\">\n\t\t\t\t\t<div class=\"qodef-shortcode qodef-m qodef-qi-section-title qodef-decoration--italic qodef-text-link--underline qodef-link--underline-draw qodef-subtitle-icon--left\">\n\t\t\t\t<h6 class=\"qodef-m-subtitle\">\n\t\tr\u00e9seaux sociaux\t\t\t<\/h6>\n\t\t\t\t\t<div class=\"qodef-m-text\"><h5 style=\"font-size: 17px\"><a href=\"https:\/\/www.instagram.com\/ornella_alomba\/\" target=\"\u201c_blank\u201d\">Instagram<\/a><\/h5><h5 style=\"font-size: 17px\"><a href=\"https:\/\/www.facebook.com\/profile.php?id=100087901945635\/\" target=\"\u201c_blank\u201d\">Facebook<\/a><\/h5><h5 style=\"font-size: 17px\"><a href=\"https:\/\/www.linkedin.com\/company\/lavieinterieure-ch\/\" target=\"\u201c_blank\u201d\">LinkedIn<\/a><\/h5><\/div>\n\t<\/div>\n\t\t\t\t<\/div>\n\t\t\t\t<\/div>\n\t\t\t\t\t<\/div>\n\t\t<\/div>\n\t\t\t\t\t<\/div>\n\t\t<\/section>\n\t\t\t\t<div class=\"elementor-element elementor-element-5bce881 elementor-widget elementor-widget-qi_addons_for_elementor_premium_google_map\" data-id=\"5bce881\" data-element_type=\"widget\" data-widget_type=\"qi_addons_for_elementor_premium_google_map.default\">\n\t\t\t\t<div class=\"elementor-widget-container\">\n\t\t\t\t\t<div class=\"qodef-shortcode qodef-m qodef-qi-google-map\">\n\t<div class=\"qodef-m-map\" id=\"qodef-map-id--767\" data-addresses='[\"Vesturbraut 17-3 Keflav\u00edk, Iceland\"]' data-pin=https:\/\/lavieinterieure.ch\/wp-content\/uploads\/2021\/09\/pin.png data-unique-id=767 data-height=490 data-zoom=16 data-style=[{\"featureType\":\"water\",\"elementType\":\"geometry\",\"stylers\":[{\"color\":\"#e9e9e9\"},{\"lightness\":17}]},{\"featureType\":\"landscape\",\"elementType\":\"geometry\",\"stylers\":[{\"color\":\"#f5f5f5\"},{\"lightness\":20}]},{\"featureType\":\"road.highway\",\"elementType\":\"geometry.fill\",\"stylers\":[{\"color\":\"#ffffff\"},{\"lightness\":17}]},{\"featureType\":\"road.highway\",\"elementType\":\"geometry.stroke\",\"stylers\":[{\"color\":\"#ffffff\"},{\"lightness\":29},{\"weight\":0.2}]},{\"featureType\":\"road.arterial\",\"elementType\":\"geometry\",\"stylers\":[{\"color\":\"#ffffff\"},{\"lightness\":18}]},{\"featureType\":\"road.local\",\"elementType\":\"geometry\",\"stylers\":[{\"color\":\"#ffffff\"},{\"lightness\":16}]},{\"featureType\":\"poi\",\"elementType\":\"geometry\",\"stylers\":[{\"color\":\"#f5f5f5\"},{\"lightness\":21}]},{\"featureType\":\"poi.park\",\"elementType\":\"geometry\",\"stylers\":[{\"color\":\"#dedede\"},{\"lightness\":21}]},{\"elementType\":\"labels.text.stroke\",\"stylers\":[{\"visibility\":\"on\"},{\"color\":\"#ffffff\"},{\"lightness\":16}]},{\"elementType\":\"labels.text.fill\",\"stylers\":[{\"saturation\":36},{\"color\":\"#333333\"},{\"lightness\":40}]},{\"elementType\":\"labels.icon\",\"stylers\":[{\"visibility\":\"off\"}]},{\"featureType\":\"transit\",\"elementType\":\"geometry\",\"stylers\":[{\"color\":\"#f2f2f2\"},{\"lightness\":19}]},{\"featureType\":\"administrative\",\"elementType\":\"geometry.fill\",\"stylers\":[{\"color\":\"#fefefe\"},{\"lightness\":20}]},{\"featureType\":\"administrative\",\"elementType\":\"geometry.stroke\",\"stylers\":[{\"color\":\"#fefefe\"},{\"lightness\":17},{\"weight\":1.2}]}] data-street-view=yes data-map-type=yes data-map-full-screen=yes data-map-drag=yes data-map-scroll=no><\/div>\n<\/div>\n\t\t\t\t<\/div>\n\t\t\t\t<\/div>\n\t\t\t\t<section class=\"elementor-section elementor-inner-section elementor-element elementor-element-a97d8b1 elementor-section-boxed elementor-section-height-default elementor-section-height-default qodef-elementor-content-no\" data-id=\"a97d8b1\" data-element_type=\"section\">\n\t\t\t\t\t\t<div class=\"elementor-container elementor-column-gap-default\">\n\t\t\t\t\t<div class=\"elementor-column elementor-col-100 elementor-inner-column elementor-element elementor-element-7b1bf6d qodef-sticky-column--no\" data-id=\"7b1bf6d\" data-element_type=\"column\">\n\t\t\t<div class=\"elementor-widget-wrap elementor-element-populated\">\n\t\t\t\t\t\t<div class=\"elementor-element elementor-element-96d6f2b elementor-widget elementor-widget-heading\" data-id=\"96d6f2b\" data-element_type=\"widget\" data-widget_type=\"heading.default\">\n\t\t\t\t<div class=\"elementor-widget-container\">\n\t\t\t\t\t<h5 class=\"elementor-heading-title elementor-size-default\">Certifications \u00a9Coaching Square Swiss<\/h5>\t\t\t\t<\/div>\n\t\t\t\t<\/div>\n\t\t\t\t<div class=\"elementor-element elementor-element-56fcfc6 elementor-widget elementor-widget-text-editor\" data-id=\"56fcfc6\" data-element_type=\"widget\" data-widget_type=\"text-editor.default\">\n\t\t\t\t<div class=\"elementor-widget-container\">\n\t\t\t\t\t\t\t\t\t<ul><li>Coach Pro 1 : Fondations &#8211; Formation de coach accr\u00e9dit\u00e9e <span style=\"text-decoration: underline;\"><a href=\"https:\/\/coachingfederation.org\/\">ICF<\/a><\/span> et <span style=\"text-decoration: underline;\"><a href=\"https:\/\/www.sqs.ch\/fr\/prestation\/produits\/eduqua2021?gad_source=1&amp;gclid=Cj0KCQiArby5BhCDARIsAIJvjIRA_oziy_PUFoniHUE6zngp_ysvmtZ0YtnD_t-3-G0qxQu1wL3SRqYaApaIEALw_wcB&amp;gclsrc=aw.ds\">Eduqua<\/a><\/span><\/li><li>Coach Pro 2 : Expertise &#8211; Formation de coach accr\u00e9dit\u00e9e ICF et Eduqua<\/li><\/ul>\t\t\t\t\t\t\t\t<\/div>\n\t\t\t\t<\/div>\n\t\t\t\t<div class=\"elementor-element elementor-element-587c6be elementor-widget elementor-widget-qi_addons_for_elementor_section_title\" data-id=\"587c6be\" data-element_type=\"widget\" data-widget_type=\"qi_addons_for_elementor_section_title.default\">\n\t\t\t\t<div class=\"elementor-widget-container\">\n\t\t\t\t\t<div class=\"qodef-shortcode qodef-m qodef-qi-section-title qodef-decoration--italic qodef-link--underline-draw qodef-subtitle-icon--left\">\n\t\t\t\t\t\t<h4 class=\"qodef-m-title\">\n\t\t\u00catre sur cette page est la premi\u00e8re \u00e9tape vers le changement\t<\/h4>\n\t\t\t<\/div>\n\t\t\t\t<\/div>\n\t\t\t\t<\/div>\n\t\t\t\t<div class=\"elementor-element elementor-element-55a6ff6 elementor-widget-divider--view-line elementor-widget elementor-widget-divider\" data-id=\"55a6ff6\" data-element_type=\"widget\" data-widget_type=\"divider.default\">\n\t\t\t\t<div class=\"elementor-widget-container\">\n\t\t\t\t\t\t\t<div class=\"elementor-divider\">\n\t\t\t<span class=\"elementor-divider-separator\">\n\t\t\t\t\t\t<\/span>\n\t\t<\/div>\n\t\t\t\t\t\t<\/div>\n\t\t\t\t<\/div>\n\t\t\t\t\t<\/div>\n\t\t<\/div>\n\t\t\t\t\t<\/div>\n\t\t<\/section>\n\t\t\t\t\t<\/div>\n\t\t<\/div>\n\t\t\t\t\t<\/div>\n\t\t<\/section>\n\t\t\t\t<\/div>\n\t\t","protected":false},"excerpt":{"rendered":"<p>C&rsquo;est le moment de se rencontrer! Pour prendre rdv, me poser des questions etc&#8230; n\u00b0 t\u00e9l\u00e9phone +41 (0)78 906 63 83 addresse Neuch\u00e2tel e-mail contact@lavieinterieure.ch r\u00e9seaux sociaux Instagram Facebook LinkedIn Certifications \u00a9Coaching Square Swiss Coach Pro 1 : Fondations &#8211; Formation de coach accr\u00e9dit\u00e9e ICF et Eduqua Coach Pro 2 : Expertise &#8211; Formation de [&hellip;]<\/p>\n","protected":false},"author":1,"featured_media":0,"parent":0,"menu_order":0,"comment_status":"closed","ping_status":"closed","template":"qi-full-width.php","meta":{"content-type":"","footnotes":""},"class_list":["post-188","page","type-page","status-publish","hentry"],"_links":{"self":[{"href":"https:\/\/lavieinterieure.ch\/index.php?rest_route=\/wp\/v2\/pages\/188","targetHints":{"allow":["GET"]}}],"collection":[{"href":"https:\/\/lavieinterieure.ch\/index.php?rest_route=\/wp\/v2\/pages"}],"about":[{"href":"https:\/\/lavieinterieure.ch\/index.php?rest_route=\/wp\/v2\/types\/page"}],"author":[{"embeddable":true,"href":"https:\/\/lavieinterieure.ch\/index.php?rest_route=\/wp\/v2\/users\/1"}],"replies":[{"embeddable":true,"href":"https:\/\/lavieinterieure.ch\/index.php?rest_route=%2Fwp%2Fv2%2Fcomments&post=188"}],"version-history":[{"count":66,"href":"https:\/\/lavieinterieure.ch\/index.php?rest_route=\/wp\/v2\/pages\/188\/revisions"}],"predecessor-version":[{"id":2051,"href":"https:\/\/lavieinterieure.ch\/index.php?rest_route=\/wp\/v2\/pages\/188\/revisions\/2051"}],"wp:attachment":[{"href":"https:\/\/lavieinterieure.ch\/index.php?rest_route=%2Fwp%2Fv2%2Fmedia&parent=188"}],"curies":[{"name":"wp","href":"https:\/\/api.w.org\/{rel}","templated":true}]}}